te?
False
Is 15557 composite?
True
Is 19831 a composite number?
True
Is 555145 a composite number?
True
Is 13641 prime?
False
Is 55963 composite?
True
Is 48449 composite?
False
Is 2413807 a composite number?
True
Is 38543 a composite number?
False
Is 1649 a composite number?
True
Is 1903 a composite number?
True
Is 1216223 a composite number?
True
Is 9687 a composite number?
True
Is 394169 composite?
False
Is 5509 composite?
True
Is 383941 a prime number?
True
Is 900781 prime?
False
Is 8513 composite?
False
Is 17687 a prime number?
False
Is 223705 prime?
False
Is 102293 a composite number?
False
Is 68351 prime?
True
Is 333898 a composite number?
True
Is 93389 composite?
True
Is 55891 prime?
False
Is 7153 composite?
True
Is 48683 a prime number?
False
Is 28115 composite?
True
Is 149861 prime?
True
Is 79241 prime?
True
Is 7737 prime?
False
Is 4918 composite?
True
Is 15461 a composite number?
False
Is 12497 a prime number?
True
Is 1026061 prime?
True
Is 18593 a prime number?
True
Is 585503 composite?
False
Is 7466 prime?
False
Is 1214519 a composite number?
False
Is 862765 a prime number?
False
Is 178729 a prime number?
False
Is 152653 a prime number?
False
Is 242971 composite?
False
Is 128465 composite?
True
Is 71273 a composite number?
True
Is 195991 prime?
True
Is 5189 a composite number?
False
Is 2371 composite?
False
Is 17197 prime?
False
Is 322327 a prime number?
True
Is 21763 composite?
True
Is 4621 prime?
True
Is 4562 composite?
True
Is 1265827 prime?
True
Is 38299 a composite number?
False
Is 907 composite?
False
Is 1378169 a prime number?
False
Is 9091 prime?
True
Is 481 prime?
False
Is 221479 a prime number?
False
Is 39929 composite?
False
Is 23533 a prime number?
False
Is 7478 prime?
False
Is 35797 composite?
False
Is 25819 a prime number?
True
Is 8331 composite?
True
Is 785839 composite?
False
Is 132017 composite?
True
Is 11369 a composite number?
False
Is 41801 prime?
True
Is 13771 prime?
False
Is 334786 composite?
True
Is 3083687 composite?
True
Is 1337941 composite?
True
Is 114983 composite?
True
Is 737 a prime number?
False
Is 106271 composite?
True
Is 2579 prime?
True
Is 255709 a prime number?
True
Is 1885891 composite?
True
Is 7433 prime?
True
Is 347591 composite?
False
Is 4083 composite?
True
Is 1399 a composite number?
False
Is 5261 prime?
True
Is 7851 a composite number?
True
Is 18431 composite?
True
Is 19595 prime?
False
Is 52489 a composite number?
False
Is 28787 a prime number?
False
Is 6469 a composite number?
False
Is 508569 a composite number?
True
Is 489239 a prime number?
True
Is 4393 a prime number?
False
Is 196291 a composite number?
False
Is 57457 composite?
False
Is 1340861 a composite number?
False
Is 759457 composite?
False
Is 13127 a composite number?
False
Is 564643 prime?
True
Is 4385603 prime?
True
Is 263843 a composite number?
False
Is 16351 prime?
False
Is 548071 prime?
False
Is 337487 composite?
False
Is 22067 composite?
False
Is 298579 a composite number?
False
Is 755633 composite?
True
Is 18479 a composite number?
True
Is 20921 composite?
False
Is 62803 prime?
False
Is 55331 a prime number?
True
Is 48149 prime?
False
Is 741049 a composite number?
True
Is 108263 a prime number?
True
Is 20663 a composite number?
False
Is 781 composite?
True
Is 27865 a prime number?
False
Is 544097 a prime number?
True
Is 3584681 prime?
True
Is 30677 prime?
True
Is 839 a composite number?
False
Is 486833 a prime number?
True
Is 15349 prime?
True
Is 3716806 a composite number?
True
Is 18089 composite?
False
Is 18089 composite?
False
Is 6074 a composite number?
True
Is 193663 composite?
False
Is 77377 a composite number?
False
Is 58253 a composite number?
True
Is 18787 a prime number?
True
Is 11017 a composite number?
True
Is 8257 prime?
False
Is 779 a composite number?
True
Is 210737 prime?
False
Is 9601 a prime number?
True
Is 1815599 prime?
True
Is 61606 prime?
False
Is 239779 a prime number?
True
Is 4597 composite?
False
Is 28343 composite?
True
Is 93326 prime?
False
Is 114529 composite?
True
Is 30029 prime?
True
Is 8807 a composite number?
False
Is 865 a composite number?
True
Is 1347589 composite?
True
Is 142297 prime?
True
Is 120641 a composite number?
False
Is 289903 prime?
False
Is 10903 prime?
True
Is 163433 composite?
False
Is 507769 a prime number?
False
Is 69371 a prime number?
True
Is 15545 a composite number?
True
Is 17519 composite?
False
Is 1637029 prime?
True
Is 247253 composite?
True
Is 791459 a composite number?
True
Is 20017 composite?
True
Is 16129 a prime number?
False
Is 32257 a prime number?
True
Is 951245 composite?
True
Is 139 a composite number?
False
Is 19561 a prime number?
False
Is 1208131 prime?
True
Is 34043 a composite number?
True
Is 2061847 prime?
True
Is 79379 a composite number?
False
Is 1435447 a prime number?
False
Is 16441 composite?
True
Is 190207 a prime number?
True
Is 9767 prime?
True
Is 10687 prime?
True
Is 53443 a composite number?
True
Is 85979 prime?
False
Is 10042 prime?
False
Is 1639 prime?
False
Is 64097 a composite number?
True
Is 346 composite?
True
Is 61091 prime?
True
Is 19001 a composite number?
False
Is 1246766 a prime number?
False
Is 130043 prime?
True
Is 627433 composite?
False
Is 27239 a prime number?
True
Is 1709927 a composite number?
True
Is 72367 a prime number?
True
Is 4524427 composite?
False
Is 53435 prime?
False
Is 753 composite?
True
Is 441583 a composite number?
True
Is 399481 composite?
False
Is 1250551 prime?
True
Is 256589 a composite number?
False
Is 7123 a prime number?
False
Is 2807071 composite?
False
Is 16735 a composite number?
True
Is 375499 prime?
False
Is 1618 composite?
True
Is 2521 prime?
True
Is 94862 a composite number?
True
Is 118 a prime number?
False
Is 1098647 prime?
False
Is 148609 a composite number?
False
Is 316481 prime?
False
Is 65287 a prime number?
True
Is 5297 composite?
False
Is 10223 a composite number?
False
Is 209519 a prime number?
True
Is 118 prime?
False
Is 84629 composite?
False
Is 206123 prime?
True
Is 28399 a composite number?
True
Is 279967 a prime number?
True
Is 2459 prime?
True
Is 3359 a prime number?
True
Is 4717 prime?
False
Is 61751 composite?
False
Is 22309 composite?
True
Is 20651 a composite number?
True
Is 30689 prime?
True
Is 4127 composite?
False
Is 246199 a composite number?
True
Is 16271 a composite number?
True
Is 863 composite?
False
Is 798605 a prime number?
False
Is 812287 a prime number?
False
Is 212237 a prime number?
False
Is 4493 prime?
True
Is 20489 composite?
True
Is 2503 prime?
True
Is 173477 prime?
False
Is 3691 composite?
False
Is 37099 a prime number?
False
Is 383513 composite?
True
Is 6821 composite?
True
Is 18727 a composite number?
True
Is 631 composite?
False
Is 7151 a composite number?
False
Is 22497 a composite number?
True
Is 72271 composite?
False
Is 8051 a composite number?
True
Is 1865 prime?
False
Is 7466 composite?
True
Is 3684959 a prime number?
True
Is 2726621 prime?
False
Is 5732479 composite?
False
Is 403847 prime?
False
Is 28115 a prime number?
False
Is 3184601 a composite number?
True
Is 66403 prime?
True
Is 33247 composite?
False
Is 443039 prime?
True
Is 198391 a composite number?
False
Is 309989 composite?
False
Is 9901 prime?
True
Is 673657 composite?
True
Is 39541 prime?
True
Is 25219 a prime number?
True
Is 26969 prime?
False
Is 199931 prime?
True
Is 2809 composite?
True
Is 772166 prime?
False
Is 167521 composite?
False
Is 114409 a prime number?
False
Is 46261 composite?
False
Is 434957 a composite number?
False
Is 3389 prime?
True
Is 2147738 composite?
True
Is 132269 a composite number?
True
Is 308759 prime?
False
Is 122282 a prime number?
False
Is 131477 a prime number?
True
Is 16085 a prime number?
False
Is 9311 composite?
False
Is 127757 a composite number?
True
Is 91277 a prime number?
False
Is 527623 a prime number?
True
Is 45861 a composite number?
True
Is 361271 prime?
True
Is 144539 a composite number?
False
Is 6945307 prime?
False
Is 32687 prime?
True
Is 46301 a composite number?
False
Is 43093 composite?
False
Is 83737 a prime number?
True
Is 12371 prime?
False
Is 3569 a composite number?
True
Is 413443 a composite number?
False
Is 8399 a prime number?
False
Is 4771 a prime number?
False
Is 103655 prime?
False
Is 171569 a composite number?
True
Is 2